
7
Suppose r + 0*r - 440 = -n, 2*n - 2*r = 864. What is the units digit of n?
6
Suppose 5*t + 10 = 2*z + 2*t, 3*t = -5*z + 4. Suppose z*u = -0*u - 8. What is the tens digit of ((-22)/u)/((-12)/(-24))?
1
Suppose 2*q + 4*q = -6. Let f(l) = 138*l**2 - 4*l - 3. What is the units digit of f(q)?
9
Suppose 2*a - 348 = -4*v, -5*v - 209 = -5*a + 4*a. Suppose 81 = 5*b - a. What is the tens digit of b?
5
Suppose 2*l = -5*d + 1464 + 792, 0 = -4*d - 8. What is the thousands digit of l?
1
Suppose 5*k - 7370 = -5*p - 0*k, -5*k = -5*p + 7330. What is the tens digit of p?
7
Let t(s) be the first derivative of -s**3/3 + 4*s**2 - 10*s - 2. What is the units digit of t(4)?
6
Let j(d) = -d**2 - 4*d + 10. Let b be j(-6). Let g(f) = -f. Let k be g(b). What is the tens digit of -50*k/10*-4?
4
Suppose a = -z, 5*z - 2 + 37 = 2*a. Let x(g) = -7*g - 17. Let m(q) = -3*q - 8. Let b(y) = z*m(y) + 2*x(y). What is the units digit of b(0)?
6
Suppose 2*k + 2 = 8. Suppose -5*a - k = 7. What is the units digit of a + (-6 - -3) + 44?
9
What is the thousands digit of ((-259)/(-28))/((-3)/(-372))?
1
Let x = 662 - -1151. What is the hundreds digit of x?
8
Let a = 417 + 752. What is the tens digit of a?
6
Suppose 2*u + 7018 = 3*z, z - 3*u - 195 - 2142 = 0. Suppose -p + z = 12*p. What is the tens digit of p?
8
Suppose 3*b + 6 = 15. Suppose -c - 2*v = -0*v - b, 5*c - 2*v - 63 = 0. What is the tens digit of c?
1
Suppose 0 = -3*c + 4*y + 33, 4*c + 6*y = 7*y + 31. Suppose -3*b + 1000 = c*b. What is the units digit of b?
0
Let q be 16/(-6)*(-45)/(-10). Let z be q/(4 + 0) - -39. Let w = z - 25. What is the tens digit of w?
1
Let y(j) = -24*j + 12. What is the hundreds digit of y(-14)?
3
Let v = -1103 - -1744. What is the tens digit of v?
4
Let d(m) = 11 - 2*m**3 + 11*m**2 + 3*m**3 - m - m. Suppose -3*k = -5*c + 53, 9*k - 5*k - 2*c = -52. What is the units digit of d(k)?
3
Let w be 36/(-15)*(-15)/6. Let o(q) = -q**2 - 1. Let x(a) = -7*a**2 - 7*a - 15. Let p(t) = w*o(t) - x(t). What is the tens digit of p(-8)?
1
Let o = -1179 + 3053. What is the tens digit of o?
7
Suppose -r + 3*r - 3138 = 3*k, -4*r = -4*k - 4188. What is the units digit of (-18)/(-45) - k/15?
0
Let g = -62 + 66. Suppose -x + 126 = -g*a, 3*a + 3 = 2*a. What is the units digit of x?
4
Suppose 5*r + 2*j + 6 = -2*j, -2*r - 2*j = 4. Let m(y) = -y**3 - 7*y**2 - 6*y + 1. Let s be m(-6). Suppose -r*z = s - 7. What is the units digit of z?
3
Let t be (-23 - -1)*(-4)/(-8). Let s = t - -18. Suppose -h + s*h - 354 = 0. What is the units digit of h?
9
Let j(s) = 3*s**3 + s + s**3 + 1 + 56 - 5*s**3. What is the units digit of j(0)?
7
Suppose 3*s - 63 = l - 4*l, -2*l - 5*s = -45. Suppose 10*n = 5*n + l. Suppose 3*t - n*m = -0*m + 67, 0 = 2*t + 3*m - 22. What is the units digit of t?
7
Suppose 65721 = 284*l - 265*l. What is the units digit of l?
9
Let a(k) = -33*k + 99. What is the units digit of a(-24)?
1
Suppose 2*b + 14 = 4. What is the units digit of 1*((-10)/b - -1)?
3
Let i(q) = 14*q + 13. Let w be i(3). Let u = 20 + w. What is the tens digit of u?
7
Suppose 2*x - 2*i = 6, -2*x - x + 5*i + 5 = 0. Suppose b - 3*d + 19 = -b, 0 = -x*b - 2*d - 19. Let k = b - -11. What is the units digit of k?
6
Let m be 33/88 - (-346)/16. Let l = 193 + -135. Let z = l - m. What is the units digit of z?
6
Let z = -20 - -23. Suppose 2*x + 39 = -3*b, 0*x - z*x - 4*b = 61. What is the units digit of 6/(-5)*990/x?
4
Let f(i) = i**3 - 3*i**2 + i + 2. Let z be f(2). Let j be z/(-8) - (0 + -73). Suppose 5*r + 2*t = j, 4 = r - 4*t - 15. What is the tens digit of r?
1
What is the tens digit of (1545/(-10))/((-9)/54)?
2
Let b(c) = 27*c**2 - 82*c. What is the tens digit of b(-5)?
8
Let v = -1507 - -2222. What is the tens digit of v?
1
Suppose -5*q - 530 = -7*q - 4*y, -3*y = -3*q + 777. What is the tens digit of q?
6
Suppose s - 22 = -20. Suppose 0 = 2*a - 24 - s. What is the units digit of a?
3
Let x be 6/5*(1 - 6). Let k(b) = b + 9. Let i be k(x). Suppose -i*v = -5*v + 26. What is the tens digit of v?
1
What is the tens digit of (-19)/(152/(-4240))*(-6)/(-4)?
9
Suppose 4898 = 7*p - 8143. What is the tens digit of p?
6
What is the tens digit of ((-1048)/(-6))/((18/27)/2)?
2
Let d(b) be the third derivative of b**5/5 - b**3/6 - 3*b**2. Let v(j) = -j**2 - 8*j + 1. Let n be v(-8). What is the tens digit of d(n)?
1
Let r(o) = -511*o**3 - 2*o**2 + o + 3. What is the thousands digit of r(-2)?
4
Let s = 17 - 18. What is the units digit of -4*(300/(-16) - s)?
1
Let f be (-201)/5 + (-10)/(-50). What is the tens digit of (-2664)/f + (-4)/(-10)?
6
Let q = -41 + 43. Let f(l) = -l**3 + 2*l**2 + 4*l + 1. Let y be f(3). Suppose 0 = 2*s - 5*g - 24, -6*g - 72 = -y*s - q*g. What is the tens digit of s?
2
Let b = 6 - 3. Let g be b + 7/((-14)/(-4)). Suppose -7*d + 2*d - 10 = 0, r + g*d + 3 = 0. What is the units digit of r?
7
Let z(s) = -2*s + 4. Let w = -34 - -34. Let d be z(w). Suppose 1 = k + 4*y - 62, 0 = d*k - 4*y - 152. What is the units digit of k?
3
Let i(v) = 6*v**2 + 14*v - 81. What is the tens digit of i(6)?
1
Let p(m) = m + 7. Let c be p(-4). Suppose c*q + q - 208 = 0. What is the units digit of q?
2
Let v(s) = 231*s + 22. What is the tens digit of v(2)?
8
Suppose -1536 = -5*p + p. Suppose 4*w + p = 6*w. What is the tens digit of w?
9
Suppose j - 3 = -1. Suppose j = -3*v + 8. Suppose 2*c - 8 = -v*c. What is the units digit of c?
2
Let k(g) = 3*g**3 - 17*g**2 + 2*g + 14. What is the units digit of k(8)?
8
Let q(h) = 61*h**2 + 6*h - 13. What is the tens digit of q(4)?
8
Let r = 278 - 163. Suppose 3*o - r = -3*n + o, 0 = -3*n + 4*o + 139. What is the tens digit of n?
4
Let l = 274 - 23. What is the hundreds digit of l?
2
Suppose 3*z = h - 88, 4*h + 0*z - 2*z - 332 = 0. What is the units digit of h?
2
Suppose -5*k + 260 = 5*j, 111 = 2*j - k - 2. Let z(p) = 12*p**3 - p**2 + 2*p - 2. Let h be z(2). Let x = h - j. What is the tens digit of x?
3
What is the hundreds digit of 35/(42/(-6)) + 1581?
5
Suppose c - 3 = 2. Suppose 0 = c*j + 3*y - 215, 4*y + y = 25. What is the tens digit of j?
4
Suppose 0 = -31*w + 69628 - 19501. What is the hundreds digit of w?
6
Suppose -727 = -i - 3*r, i - 725 = -0*i - 4*r. What is the tens digit of i?
3
Suppose 2*d - 2*b + 5 = d, 4*b - 19 = 3*d. Let k = d - -14. Suppose -k*x + 23 = 5*z - 12, 2*x + 35 = 5*z. What is the units digit of z?
7
Let b be (-5)/(-15) + 4672/6. Suppose 4 = 2*u, b = 2*l + 3*l - 3*u. Suppose 0 = k + 4*k + w - l, -3*k + w + 99 = 0. What is the tens digit of k?
3
Let n(s) = -s**3 - 2*s**2 + 7*s + 7. Let y be n(-5). Suppose -48*p = -y*p - 88. What is the tens digit of p?
8
Let g(v) be the third derivative of 0*v - 5/12*v**4 + 1/3*v**3 + 0 - 2*v**2. What is the units digit of g(-3)?
2
Let u = -1 + 7. Suppose 0 = -0*z - u*z + 240. Suppose z = 3*s + 2*s. What is the units digit of s?
8
Let z = 2629 + -1339. What is the hundreds digit of z?
2
What is the tens digit of (-9 - 404)*1*-1?
1
Let m be (-4)/3*-6 - 4. What is the tens digit of m*4/16 + 91?
9
What is the hundreds digit of -15*((-10)/(-30) - 120/9)?
1
Let q(r) = r**2 - r. Suppose 4*b + 28 = 4*t, 2*t - t - 19 = 4*b. What is the units digit of q(t)?
6
Let d(p) = 6*p + 6. Let s be d(5). What is the units digit of (-3 + s)/(5 - 4)?
3
Let h = 41 + -34. Let g(t) = t**3 - 8*t**2 + 12*t + 7. What is the tens digit of g(h)?
4
Let i = 362 + -163. Let o = -95 + i. What is the tens digit of o?
0
Let b(d) = -2*d + 1 - 3*d**2 - 7*d**3 + 8*d - 1. Let z(u) = -8*u**3 - 2*u**2 + 7*u - 1. Let h(p) = 7*b(p) - 6*z(p). What is the units digit of h(-9)?
6
Suppose 0*j = -7*j + 294. Suppose -2*g + j + 264 = 4*x, 3*x - 232 = -g. What is the tens digit of x?
7
Suppose 3 = 2*h - 5*h. What is the tens digit of ((4 - 6) + -87)/h?
8
Let p(q) = -q**3 - 18*q**2 - 20*q - 66. What is the tens digit of p(-18)?
9
Let d be 34/(-9) + (-6)/27. Let a be (26/(-13))/(d/6). Suppose -a*b = -3*k - 15, -b = -0*b + 5*k - 29. What is the units digit of b?
9
What is the tens digit of (-4)/3*(-5484)/(-8)*-1?
1
Let j(w) be the third derivative of w**6/120 + 7*w**5/20 - 23*w**4/24 + 23*w**3/3 - 13*w**2. What is the tens digit of j(-22)?
6
Suppose -4*o + 2*f = -1978, -9*o + 2*f = -8*o - 499. What is the hundreds digit of o?
4
Suppose 3*t + 24 = -t. Let l(c) = 2 - 7*c + 10 + 2 + c - c**2. What is the tens digit of l(t)?
1
Let l =